 - 14. Let m(g) = g + 3. Let n(j) = -11*m(j) - 2*y(j). Let d be n(5). What are the prime factors of h(d)?
3
Let m = -6 + 20. List the prime factors of m.
2, 7
Suppose -2*s - 3*b - 7 = 0, 4*s - 3*b + b = -6. List the prime factors of 1/s + (-36)/(-8).
2
Suppose -h = -4*y + 529, -2*y + 509 = 2*y + 3*h. What are the prime factors of y?
131
Let o(f) = 5*f**3 + 2*f**2 + 2*f + 5. List the prime factors of o(3).
2, 41
Suppose -2*c + 21 = -19. What are the prime factors of c?
2, 5
Let x = -39 + 78. List the prime factors of x.
3, 13
Let a(u) = -u**2 - 10*u - 4. Let p(t) = t**3 - t**2 + 1. Let d be p(2). Suppose n + 2*b = d*n + 40, 0 = -b + 4. What are the prime factors of a(n)?
2, 3
Let u(r) be the second derivative of r**4/12 + r**3/2 - r**2/2 - 2*r. What are the prime factors of u(-5)?
3
Suppose -2*h + 6 = 2*a, -4*h + 3 + 9 = -5*a. Suppose -h*c + 0*u + 3*u = -3, -4*c - u = -14. List the prime factors of c.
3
Let z(y) = y**3 - 12*y**2 + 3*y - 12. Let p be z(12). Suppose -v - v = -p. What are the prime factors of v?
2, 3
Let z = -15 - -140. What are the prime factors of z?
5
Let s = 66 + -46. What are the prime factors of s?
2, 5
Let x be -6*(-2)/(-6)*-4. Suppose 4*m = 2*m + x. List the prime factors of m.
2
Suppose 12*d = 8*d + 768. List the prime factors of d.
2, 3
Let l(i) = 2*i**2 + 9*i - 15. What are the prime factors of l(4)?
53
Let w(l) = 0 + 7 - l + 2 + 0. What are the prime factors of w(-7)?
2
Let x(z) = z**3 + 5*z**2 + 5*z + 3. Let b be x(-4). List the prime factors of (-15)/6*(b + -1).
5
Let k(w) = -w**3 - 11*w**2 + 7*w - 14. List the prime factors of k(-12).
2, 23
Let y(w) = -w**3 + 9*w**2 - 9*w - 5. Let m be y(7). Suppose 3*k + 2*k - m = 0. List the prime factors of k.
2, 3
Let w = 11 - 6. Suppose 0*a + 16 = -3*a - 2*x, w*a = -3*x - 27. List the prime factors of (3/a)/(1/(-30)).
3, 5
Suppose 4*p - 2*c = 102, -5*p = 5*c - 53 - 82. What are the prime factors of p?
2, 13
Let q be 33/4 + (-6)/(-8). Let w be 4/((-12)/q)*-1. Suppose -w*n + 6*n = 27. What are the prime factors of n?
3
Let k(b) be the first derivative of -b**3/3 + 3*b**2 - 4*b + 2. Let z be k(6). List the prime factors of -3*(0 + z/6).
2
Let q(a) = 17*a - 2. What are the prime factors of q(2)?
2
Let o(s) = -s**3 + 7*s**2 - 6*s. Let v be o(4). Suppose -7*k + 6 = -4*k. Suppose 2*t - 16 = -2*j - k*j, 5*j - v = -3*t. What are the prime factors of t?
2
Let x be ((-126)/35)/((-6)/40). Let i = -17 + x. List the prime factors of i.
7
Let u be (5/3)/((-6)/(-18)). Suppose 47 = -u*i + 17. Let j = i + 8. What are the prime factors of j?
2
Suppose -2*r - r + 4*f + 21 = 0, -5*r + 35 = -4*f. Let u(o) = -o**2 - 8*o - 3. Let g be u(-7). Let a = r + g. What are the prime factors of a?
11
Suppose 4*d = d - 57. Let s = -6 - d. What are the prime factors of s?
13
Suppose 0 = 2*x + 2*q - 64, -2*x + 68 = -0*x + 3*q. List the prime factors of x.
2, 7
Let a be 1 + 1 + -2 + -63. What are the prime factors of 4/(3*(-6)/a)?
2, 7
Let y be 8/6*3/2. Suppose -2*w + 6 = -2. Suppose w*c = -y + 46. List the prime factors of c.
11
Let y(b) = -b**3 + b**2 + b + 1. Let i(m) = -5*m**3 + 8*m**2 + 8*m - 3. Let g(x) = -i(x) + 4*y(x). List the prime factors of g(6).
5, 11
Suppose 4*w + 8 = 5*w. Let n = 11 - w. Suppose -n*x = -3*c - 8*x + 31, -4*x = 2*c - 22. What are the prime factors of c?
7
Let j(x) = -x - 3. Let i be j(-3). Suppose -k + 0*k + 18 = i. List the prime factors of k.
2, 3
Suppose 0 = -0*b - 4*b + 148. List the prime factors of b.
37
Let n = -72 + 43. Let q = n + 43. Let m = q - 8. What are the prime factors of m?
2, 3
Suppose -2*c = 5*m - 34, 3*c - 2*m + 10 = 80. What are the prime factors of c?
2, 11
Suppose 5*g + 4 = 24. What are the prime factors of 12/(-8) + 70/g?
2
Let y(p) = 7*p**2 + 2*p - 1. Let m be y(1). Suppose 0 = 5*q - 2*o - 12, -4*q + 4*o - m = -20. Suppose -q*l + 5*l = 27. What are the prime factors of l?
3
Let v(g) = -7*g**3 - 2*g**2 + 2*g - 3. List the prime factors of v(-3).
2, 3
What are the prime factors of (-219)/(-21) + (-28)/(-49)?
11
Let m(j) = -j**2 + 11*j + 2. Suppose 3*r + 4*f - 3 = 2*r, -3*r = -2*f + 33. Let x be (-4)/18 - 101/r. List the prime factors of m(x).
2
Let r(g) = g**2 + 12*g - 17. Let a be r(-13). What are the prime factors of 1 - (14 + -2)/a?
2
Let f(l) = l**2 + 5*l + 3. Let y be f(-7). Let j = y - 3. List the prime factors of j.
2, 7
Suppose -2*w = -5*d - 204, 4*d = -7*w + 2*w + 477. List the prime factors of w.
97
Suppose -3*t + 3*h - 10 - 8 = 0, t - 4*h = -6. Let z be t/(-9)*3 - 0. List the prime factors of (13/2)/(z/4).
13
Suppose 0 = -5*l - 3 - 92. Let o = -9 - l. What are the prime factors of o?
2, 5
Let n = -16 - -50. Suppose 0 = -z + 1 + n. List the prime factors of z.
5, 7
Suppose 0 = -28*i + 31*i - 1257. List the prime factors of i.
419
Let y(t) = 2*t + 4. Suppose 0*j + 4*j = 0. Let g be 3/(0 - (j - 1)). List the prime factors of y(g).
2, 5
Let c(s) = -7*s**3 - 2*s**2 - s. Suppose -3*t = 4*g - 26, 2*t = 2*g + t - 8. Suppose g*f + 5 + 0 = 0. List the prime factors of c(f).
2, 3
Let z(k) = k**3 - 5*k**2 - 5*k. Let m be z(6). Suppose 0 = -2*d + c, -c - m = -2*d - 3*d. Suppose -d*t + 7 + 3 = 0. List the prime factors of t.
5
Let h(v) = -4*v**2 + 1. Let b be h(-1). Let a be (-1)/2 + b/(-6). Suppose 0*c + c - 10 = a. List the prime factors of c.
2, 5
Let l be -8*(-6)/(-8)*-1. Suppose -3*t = -l*t + 147. Suppose -5*r + t = -1. List the prime factors of r.
2, 5
Suppose 5*z + 8 = -17. Let m = -8 - z. Let i = 9 - m. List the prime factors of i.
2, 3
Let j = -25 - 0. Let i = 35 + j. List the prime factors of i.
2, 5
Suppose 0 = -2*w + 6, w + 550 = 2*u + 5*w. What are the prime factors of u?
269
Let c = 0 - -53. Suppose -5*g = -3*b + c, -b - g + 1 = -22. What are the prime factors of b?
3, 7
Let h(j) = -5 - 3*j - 2 - 2 + 1. List the prime factors of h(-7).
13
Suppose 0*m + 75 = 5*m. Let g(f) = f**3 - 14*f**2 - 14*f + 19. What are the prime factors of g(m)?
2, 17
Let s = -3 - -5. Suppose -5*j + 4*g + 8 = -s, 2*j + 5*g - 37 = 0. Suppose 2*v + j = 18. What are the prime factors of v?
2, 3
Let m = -7 - -4. Let z = -6 - -9. What are the prime factors of m + z + 1 - -1?
2
Let p(f) = -f**2 - 2*f + 2. Let a be p(-3). What are the prime factors of (-1*(50 + 3))/a?
53
Suppose 4*m + 0*m = n - 47, -3*n - 2*m = -141. What are the prime factors of n?
47
Suppose 5*s - y - 191 = 144, 0 = -3*s - 4*y + 178. What are the prime factors of s?
2, 3, 11
Let z(r) be the third derivative of -7*r**4/24 - r**2. Suppose 4*v + 7 = -4*t + t, -5*v - 6 = t. What are the prime factors of z(v)?
7
Let g(p) = p**3 + 12*p**2 + 10*p - 9. What are the prime factors of g(-10)?
7, 13
List the prime factors of (-262)/(-6) - -1*1/3.
2, 11
Let j(b) = -2*b**3 - 4*b**2 + 5*b. Let k be j(-4). Suppose 4*p + 64 = 8*p. Suppose 5*c - k = -n, n = -3*n + p. What are the prime factors of c?
2
Suppose -7 = -3*b - 2*b - 3*f, 0 = -4*b - f. Let z = 0 - b. List the prime factors of ((-2)/(-4))/z*16.
2
Let h(p) = 2*p + 8*p + 3*p**2 - 4*p**2. What are the prime factors of h(8)?
2
Suppose 0 = b + 3*l - 234, 259 = -0*b + b - 2*l. What are the prime factors of b?
3, 83
Suppose 5*s + 2*q = 49, 4*s - 69 = 3*q - 16. List the prime factors of s.
11
Let f(g) = 13*g**2 + 4*g - 2. List the prime factors of f(-5).
3, 101
Let x = -1 - -14. Let q = x + 34. What are the prime factors of q?
47
Suppose 3*p - 4*i - 53 = 0, 2*p + 0*i = i + 42. List the prime factors of p.
23
Let f(q) = -46*q - 14. What are the prime factors of f(-3)?
2, 31
Let p(l) = -2*l**2 - 2*l + 2. Let d be p(-2). Let j be (15/d)/(1/(-2)). Let o = -8 + j. List the prime factors of o.
7
Let b(m) = m**3 - m**2 + 178. List the prime factors of b(0).
2, 89
Let v be -1 - (2 - 1) - -2. Suppose 2*g + 94 - 292 = v. Suppose -4*h + 5*r + 57 = 0, 7*h - g = 2*h - 3*r. What are the prime factors of h?
2, 3
Let t(u) = -u + 4. Suppose 0 = d - 5*v + v, d + 2*v = 0. Let k be (-6)/1 - d/1. List the prime factors of t(k).
2, 5
Let d(i) = i**3 - 9*i**2 + 7*i + 3. Let b be d(7). Let y = 64 + b. What are the prime factors of y?
2, 3
Let v(i) be the third derivative of -i**4/24 + 2*i**3 + i**2. Let y be v(10). List the prime factors of 1/(0 - y/(-22)).
11
Let u(w) = 4*w**2 - 3*w**2 + w + 3*w. List the prime factors of u(-7).
3, 7
Suppose 3*r = -53 + 401. What are the prime factors of r?
2, 29
Let